g + 7*g - 30. Suppose -2*x = x - g. Let z(t) = -3*t + 3. What is z(x)?
-3
Let w(a) be the first derivative of a**3/3 + a**2/2 - 7*a - 58. Give w(-4).
5
Let q(v) = -2*v**2 + 9*v - 3. Let k be ((-9)/(-6) - 1)*12. Give q(k).
-21
Let b = -2 + 6. Let k(a) = -a**2 + 5*a + 10 - b*a - 17 + 0*a. Suppose 0 = 5*v - r - 3, 0 = v - 5*r - 0 - 15. Calculate k(v).
-7
Let n(k) = -k**2 + 1. Suppose -5*o - 9 = -84. Suppose 6*r - o = -3*b + r, -5*r = -3*b - 15. Give n(b).
1
Let l = 0 - -3. Let q(p) = p**3 - p**2 + p + 1. Let v(s) = -3*s**3 - 2*s**2 + 3*s + 2. Let f(t) = l*q(t) - v(t). Give f(1).
6
Let y be (-7)/14*1*-2. Let g(z) = -5*z - 1. What is g(y)?
-6
Let i(t) = -t**2 - 7*t + 5. Let y be i(-8). Let z(d) = -d**3 - 3*d**2 + 3*d + 1. Determine z(y).
-8
Let j be -1 + -2 + (6 - 9). Let q(x) = -x**3 - 6*x**2 + 1. What is q(j)?
1
Let s(x) = 6*x**3 - 5*x**2 + 16*x + 11. Let j(v) = v**3 - v**2 + 3*v + 2. Let d(p) = 11*j(p) - 2*s(p). Give d(0).
0
Let n = -3 + 5. Let b(x) = x + 0*x - 2 - 1 + 7*x. What is b(n)?
13
Let d(x) = 8*x + 1. Let f(l) = -l**2 - 9*l - 6. Let p be f(-7). Suppose -p*t - 5 = -3*t. Give d(t).
-7
Let k = -2 + 6. Let z = -12 + 17. Let m(p) = 3*p - p - z - p. Give m(k).
-1
Let h(t) = -2*t**2 + 3*t. Let w(m) = 3*m**2 - m. Let a be w(-1). Suppose 2*z - a*z = -4. Calculate h(z).
-2
Let u(g) = -g + 2. Let i = 37 + -31. Determine u(i).
-4
Suppose -4*b + 26 = -3*b. Suppose 5*m = -4*i + 22, -3*m + 2*i + 2*i + b = 0. Let t be (-4)/(-4)*(m + -1). Let x(f) = f - 11. Determine x(t).
-6
Let q(d) = -d. Let z be 60*(3 - 2)/3. Let r = -20 + z. Calculate q(r).
0
Let w(c) = -c - 10. Suppose -3*h + 2 = -2*h. Suppose -h*j - 2*k + 4*k = -14, -6 = 2*k. Suppose 0 = s + j*s + 25. Determine w(s).
-5
Let d(v) = v**3 + 4*v**2 - 2*v + 3. Let o be (-64)/(-12) + 4/(-12). Let x(a) = -a**2 + 3*a + 6. Let i be x(o). Give d(i).
11
Let q(j) = 6*j. Let z(b) = 2. Let k(v) = v - 2. Let c(d) = 2*k(d) + 2*z(d). Let g(a) = 7*c(a) - 2*q(a). Determine g(-5).
-10
Let d = -96 + 95. Let y(i) = 8*i. What is y(d)?
-8
Suppose -2*s - 6 - 8 = 2*r, -r = 4*s + 4. Let o(x) = -5*x**2 - 10*x + 3. Let d(p) = -3*p**2 - 7*p + 2. Let t(i) = r*d(i) + 5*o(i). Calculate t(5).
4
Let o(d) be the third derivative of -d**5/60 - 2*d**3/3 - 7*d**2. What is o(3)?
-13
Let f be (-2)/4 + 9/(-6). Let y be -7*(1 - (f - -4)). Let n(o) = 3*o - 7. Let t(i) = 4*i - 7. Let r(b) = y*n(b) - 6*t(b). Determine r(-5).
8
Let i be 9/15 + (-136)/(-40). Let f(c) be the first derivative of -c**4/4 + 5*c**3/3 - 3*c**2/2 - 2*c - 1. Determine f(i).
2
Suppose -2*u + 6*u = 12. Let s(c) = 10*c + 5 + u*c - 11*c. Calculate s(-5).
-5
Let t(p) = 4*p**3 + 6*p**2 - 6*p - 7. Let o(u) = -11*u**3 - 17*u**2 + 17*u + 20. Let c(a) = 6*o(a) + 17*t(a). Suppose 4*v - 1 - 3 = 0. Determine c(v).
3
Let j(p) be the second derivative of 1/2*p**2 + 3*p + 0 - 1/20*p**5 + 1/6*p**3 + 1/4*p**4. Let z be (-2)/(1*(-1)/2). What is j(z)?
-11
Let q(g) = -6*g**2 + 1 + 11*g**2 - 7 + g**3 - 5*g. Calculate q(-6).
-12
Let h(q) = 6 + 6*q**3 + 5*q**2 - 6*q**2 - 5. Determine h(1).
6
Let m(u) = 3*u - 10 - 3*u + u. Let a be (-42)/9*(-15)/10. Determine m(a).
-3
Let f(n) = -n**3 + n + 1. Let j be f(0). Let v(l) = 8*l - 2*l - 8 + l. Let q(x) = -x + 1. Let r(m) = j*v(m) + 6*q(m). Give r(4).
2
Let d(y) = 7*y**3 + 2*y - 1. Let x be (0 - (-8)/(-4))/(-2). Calculate d(x).
8
Let q(w) = 9*w - 2. Let n(r) = -8*r + 1. Let i(h) = 7*n(h) + 6*q(h). Give i(-6).
7
Let i(f) = -f**2 - 6*f + 22. Let m be i(-9). Let n(j) = j**3 + 4*j**2 - 7*j - 7. Give n(m).
3
Let i(w) = 18*w - 17*w + w**3 - w**2 + 0 - 3. Let v be i(0). Let n(j) = -j + 1. Let s(f) = -5*f + 3. Let r(m) = -4*n(m) + s(m). Calculate r(v).
2
Let a(m) = 2*m + 3. Suppose -5*h = 4*g - 27, g + 0*g + 12 = 5*h. Suppose 5*i - 10 = 4*v, 4*i + v + 7 = h*i. Calculate a(i).
-1
Suppose q - 5*r = -3, -4*q - 3*r + 7 + 4 = 0. Suppose q*u - 15 = 5*u. Let s(f) = -f - 3. What is s(u)?
2
Suppose 0*h + g - 6 = -2*h, 16 = 3*h - 2*g. Let x(o) = 2*o + 1. Let z = -1 + 3. Let k(v) = 2*v. Let p(y) = z*x(y) - 3*k(y). What is p(h)?
-6
Let a(b) be the third derivative of 0*b + 3*b**2 + 0 + 1/6*b**3 - 1/12*b**5 - 1/120*b**6 + 0*b**4. Let j = -43 + 38. Give a(j).
1
Let n be 7 + 2*3/6. Let g = n + -4. Let k(t) = -g - 1 - t + 0. Determine k(4).
-9
Suppose -4*f + 2 = -6. Let m(k) = -2*k + k**3 + 3*k - 3 + 1 + 1 + k**f. Determine m(-2).
-7
Suppose 4*v + 40 = 5*c, 2*c + 3*v = -0*c + 16. Let z(n) = c*n**2 - n + 54 - 54. Determine z(1).
7
Let t(y) = 4*y - 3. Let q be t(2). Let x be (5 - 0)*(-4 + q). Let w = x - 4. Let k(s) = 6*s**2. What is k(w)?
6
Let w(z) be the third derivative of -z**5/60 + z**4/2 - 11*z**3/6 - 2*z**2. Let g be w(11). Let c(s) = s + 5. Determine c(g).
5
Let m(c) = c. Suppose 60 = d + 9*d. Determine m(d).
6
Let s be (-6)/10 + 297/(-55). Let r(p) = p + 7. Calculate r(s).
1
Let z(r) = -r - 2. Let u be 5 + (3 - 3) + -1. Suppose -2*i + u = -i. Let x be i/22 + (-70)/22. Give z(x).
1
Suppose 0 = -2*s + 3*v + 1, -5 = 3*s + v + 10. Let z = -6 - s. Let a = z + 2. Let f(m) = -m + 7. Give f(a).
7
Let y be (-1 + 1 + -1)*5. Let t(x) be the second derivative of -x**6/720 - x**5/10 + x**4/3 - x. Let c(i) be the third derivative of t(i). Calculate c(y).
-7
Let w(z) = -16*z - 4. Let u(n) = -1. Let v(a) = -3*u(a) + w(a). Determine v(-1).
15
Let n(c) = -7 - c**2 + 11 + c**3 - c + 0*c**3 + 0*c**3. Determine n(0).
4
Suppose -2*r + r = 0. Let x be 1*(1 + r)*-3. Let n(t) be the second derivative of -t**5/20 - t**4/6 + t**3/2 + 3*t**2/2 + 2*t. Give n(x).
3
Let b(a) = -a**3 + 3*a**2 + 4*a + 1. Suppose -4*j + 10*j - 24 = 0. What is b(j)?
1
Let d(g) = g**2. Let x(p) = -3*p**2 + 6*p - 1. Let n(w) = d(w) + x(w). Suppose 7*s - 16 = 3*s. Give n(s).
-9
Let q(k) = -k**2 - 5*k + 2. Let l = -3 + 4. Let x be (0 - l)*5*1. Give q(x).
2
Suppose -4*d + 2*m + 6 = -2*d, d = -4*m + 18. Let t(f) = 16*f - 6. Let h(a) = -3*a + 1. Let s(i) = -11*h(i) - 2*t(i). What is s(d)?
7
Let a(f) be the second derivative of 1/20*f**5 - 3/2*f**2 + 0 - 4*f + 7/12*f**4 - 1/6*f**3. What is a(-7)?
4
Let s = -10 - -13. Let g(h) = 0*h**s + 0*h**3 + h + h**2 + 1 + 5*h**3 - 4*h**3. Calculate g(0).
1
Let v(y) = 0*y - 3*y - y**2 - 3*y. Let i = 3 + -3. Suppose i = -2*w - q - 3 - 12, 0 = 4*w + 4*q + 40. What is v(w)?
5
Let y(f) = f**3 + 5*f + 1. Let l = -8 + 12. Let s(i) = -i**3 - 6*i - 1. Let v be 14/3 - (-2)/6. Let k(h) = l*s(h) + v*y(h). What is k(0)?
1
Let v(d) = -3 - 7*d**2 + 3*d - 13*d**3 + 14*d**3 + 13*d**2. Calculate v(-5).
7
Suppose -5 = -d - 4. Let b(n) = -3*n**2 - n + 1. Determine b(d).
-3
Let h(l) = 681*l - 2*l**3 - 681*l - 1. What is h(-1)?
1
Let s = 3 + -1. Suppose -4*d - s = 3*k, -3*k - 6 - 4 = -4*d. Let x(q) = -2*q + 2 - d + q**2 - 2 + q**3. Give x(2).
7
Let k(c) be the third derivative of -c**6/120 + c**5/15 - c**4/6 + 2*c**3/3 + 3*c**2. Suppose 3*y + 3*l - 2 = 4, -2*y + 3*l + 9 = 0. Calculate k(y).
1
Suppose -5 = 5*n - 0*n. Let m = 7 - 5. Let s(t) = 3*t - 4*t + m*t. What is s(n)?
-1
Let m(q) = -6*q**2 + 2*q - 1. Let g = -6 + 23. Let d = g + -10. Let s = d + -6. Determine m(s).
-5
Let p be (10 + 0)/(4 + -2). Let t(x) = -1 + 26*x**2 - 9*x**2 - 4*x - 10*x**2 - 6*x**2. What is t(p)?
4
Let b(y) be the first derivative of y**3/3 + 9*y**2/2 + 7*y + 60. Calculate b(-8).
-1
Let w be (-18)/4*(-4)/6. Let j(m) be the first derivative of -m**3/3 + m**2 - 4*m - 2. Determine j(w).
-7
Let y be ((-1)/3)/(2/6). Let b(j) = 0*j - 2*j + 1 - 7*j**3 - 2*j**2 + 2*j. Determine b(y).
6
Let q be 2/(3/((-42)/(-4))). Let s be 18/14 - 1 - (-78)/21. Suppose 4*y + 20 = -s*a, q*a = 3*a + y. Let g(j) = 3*j + 1. Give g(a).
-2
Suppose -q - 3 = 2*q + 3*s, 12 = -4*q + 4*s. Let y(c) = 25*c + 24*c + 3 - 46*c. Calculate y(q).
-3
Let s(t) = -4*t + 3. Let n be 3/((-1)/(1*(1 - 2))). Determine s(n).
-9
Let s(f) = 5*f + 6 + 0*f**2 + 1 + f**3 + 0*f**3 - 6*f**2. Let o = 16 - 11. Give s(o).
7
Let r(q) = q + 5. Let f be r(-4). Let g(b) = 3*b**3 + b**2 + b - 1. Calculate g(f).
4
Let w(o) = -o**3 - 6*o**2 + 8*o + 8. Let d be w(-7). Let h(k) = -k**2 - 6 - 1 + d + 10. Let a(v) = v**2 + 3*v - 3. Let x be a(-3). Determine h(x).
-5
Suppose -4*o + 5 = j, -4*o + j + 0 = -11. Let h(l) = 3*l**2 - 10*l**o + 8*l**2 - 3. What is h(-3)?
6
Let v = -62 + 59. Let n(l) = l**3 + 3*l**2 - 3*l - 4. Determine n(v).
5
Let s(l) = -l + 12. Let f(r) = 4*r - 9. Let j be f(5). What is s(